{"id":303,"date":"2019-03-29T17:56:09","date_gmt":"2019-03-29T16:56:09","guid":{"rendered":"http:\/\/photobizet.com\/?page_id=303"},"modified":"2021-06-24T15:59:52","modified_gmt":"2021-06-24T13:59:52","slug":"mentions-obligatoires","status":"publish","type":"page","link":"https:\/\/photobizet.com\/index.php\/mentions-obligatoires\/","title":{"rendered":"Mentions obligatoires"},"content":{"rendered":"\n<h2 class=\"wp-block-heading\"> PHOTO BIZET<\/h2>\n\n\n\n<ul class=\"wp-block-list\"><li>Soci\u00e9t\u00e9 \u00e0 responsabilit\u00e9 limit\u00e9<\/li><li>Capital social : 7622.45\u20ac<\/li><li>14 Boulevard de Verna 38230 Tignieu-Jameyzieu<\/li><li>Photo.bizet@free.fr<\/li><li>Tel : 04.78.32.11.25<\/li><li>Mail : photo.bizet@free.fr<\/li><li>N\u00b0 RCS : 420 135 972 RCS vienne<\/li><li>TVA intracommunautaire : FR 16 420 135 972<\/li><\/ul>\n\n\n\n<p><\/p>\n","protected":false},"excerpt":{"rendered":"<p>PHOTO BIZET Soci\u00e9t\u00e9 \u00e0 responsabilit\u00e9 limit\u00e9 Capital social : 7622.45\u20ac 14 Boulevard de Verna 38230 Tignieu-Jameyzieu Photo.bizet@free.fr Tel : 04.78.32.11.25 Mail : photo.bizet@free.fr N\u00b0 RCS : 420 135 972 RCS vienne TVA intracommunautaire : FR 16 420 135 972<\/p>\n","protected":false},"author":1,"featured_media":0,"parent":0,"menu_order":0,"comment_status":"closed","ping_status":"closed","template":"","meta":{"footnotes":""},"class_list":["post-303","page","type-page","status-publish","hentry","no-thumb"],"_links":{"self":[{"href":"https:\/\/photobizet.com\/index.php\/wp-json\/wp\/v2\/pages\/303","targetHints":{"allow":["GET"]}}],"collection":[{"href":"https:\/\/photobizet.com\/index.php\/wp-json\/wp\/v2\/pages"}],"about":[{"href":"https:\/\/photobizet.com\/index.php\/wp-json\/wp\/v2\/types\/page"}],"author":[{"embeddable":true,"href":"https:\/\/photobizet.com\/index.php\/wp-json\/wp\/v2\/users\/1"}],"replies":[{"embeddable":true,"href":"https:\/\/photobizet.com\/index.php\/wp-json\/wp\/v2\/comments?post=303"}],"version-history":[{"count":2,"href":"https:\/\/photobizet.com\/index.php\/wp-json\/wp\/v2\/pages\/303\/revisions"}],"predecessor-version":[{"id":339,"href":"https:\/\/photobizet.com\/index.php\/wp-json\/wp\/v2\/pages\/303\/revisions\/339"}],"wp:attachment":[{"href":"https:\/\/photobizet.com\/index.php\/wp-json\/wp\/v2\/media?parent=303"}],"curies":[{"name":"wp","href":"https:\/\/api.w.org\/{rel}","templated":true}]}}