{"id":100,"date":"2019-03-23T13:16:10","date_gmt":"2019-03-23T12:16:10","guid":{"rendered":"http:\/\/photobizet.com\/index.php\/wppg_photoalbums\/album2\/"},"modified":"2024-02-14T14:41:58","modified_gmt":"2024-02-14T13:41:58","slug":"album2","status":"publish","type":"page","link":"https:\/\/photobizet.com\/index.php\/wppg_photoalbums\/album2\/","title":{"rendered":"B\u00e9b\u00e9 est l\u00e0 !"},"content":{"rendered":"<p>[wppg_photo_album id=\u00a0\u00bb2&Prime;]<\/p>\n\n\n<div class=\"wp-block-envira-envira-gallery\"><div id=\"envira-gallery-wrap-416\" class=\"envira-gallery-wrap envira-gallery-theme-base envira-lightbox-theme-base\" itemscope itemtype=\"https:\/\/schema.org\/ImageGallery\"><div data-row-height=\"150\" data-gallery-theme=\"normal\" id=\"envira-gallery-416\" class=\"envira-gallery-public envira-gallery-justified-public envira-gallery-0-columns envira-clear enviratope envira-gallery-css-animations\" data-envira-columns=\"0\"><div id=\"envira-gallery-item-31\" class=\"envira-gallery-item enviratope-item envira-gallery-item-1 envira-lazy-load\" style=\"padding-left: 1px; padding-bottom: 1px; padding-right: 1px;\"  itemscope itemtype=\"https:\/\/schema.org\/ImageObject\"><div class=\"envira-gallery-item-inner\"><div class=\"envira-gallery-position-overlay  envira-gallery-top-left\"><\/div><div class=\"envira-gallery-position-overlay  envira-gallery-top-right\"><\/div><div class=\"envira-gallery-position-overlay  envira-gallery-bottom-left\"><\/div><div class=\"envira-gallery-position-overlay  envira-gallery-bottom-right\"><\/div><a href=\"http:\/\/photobizet.com\/wp-content\/uploads\/2014\/07\/008-L\u00e9onie.jpg\" class=\"envira-gallery-416 envira-gallery-link\" rel=\"enviragallery416\" title=\"008 L&eacute;onie\" data-envira-caption=\"008 L&eacute;onie\" data-envira-retina=\"\" data-thumbnail=\"\"  itemprop=\"contentUrl\"><img decoding=\"async\" id=\"envira-gallery-image-31\" class=\"envira-gallery-image envira-gallery-image-1 envira-normal envira-lazy\" data-envira-index=\"1\" src=\"https:\/\/photobizet.com\/wp-content\/uploads\/2014\/07\/008-L\u00e9onie-1024x684-640x480.jpg\" data-envira-src=\"https:\/\/photobizet.com\/wp-content\/uploads\/2014\/07\/008-L\u00e9onie-1024x684-640x480.jpg\" data-envira-gallery-id=\"416\" data-envira-item-id=\"31\" data-envira-caption=\"008 L&eacute;onie\" alt=\"\" title=\"008 L\u00e9onie\"  itemprop=\"thumbnailUrl\" data-envira-srcset=\"https:\/\/photobizet.com\/wp-content\/uploads\/2014\/07\/008-L\u00e9onie-1024x684-640x480.jpg 400w,https:\/\/photobizet.com\/wp-content\/uploads\/2014\/07\/008-L\u00e9onie-1024x684-640x480.jpg 2x\" data-envira-width=\"300\" data-envira-height=\"200\" srcset=\"data:image\/gif;base64,R0lGODlhAQABAIAAAP\/\/\/\/\/\/\/yH5BAEKAAEALAAAAAABAAEAAAICTAEAOw==\" data-safe-src=\"data:image\/gif;base64,R0lGODlhAQABAIAAAP\/\/\/\/\/\/\/yH5BAEKAAEALAAAAAABAAEAAAICTAEAOw==\" \/><\/a><\/div><\/div><div id=\"envira-gallery-item-30\" class=\"envira-gallery-item enviratope-item envira-gallery-item-2 envira-lazy-load\" style=\"padding-left: 1px; padding-bottom: 1px; padding-right: 1px;\"  itemscope itemtype=\"https:\/\/schema.org\/ImageObject\"><div class=\"envira-gallery-item-inner\"><div class=\"envira-gallery-position-overlay  envira-gallery-top-left\"><\/div><div class=\"envira-gallery-position-overlay  envira-gallery-top-right\"><\/div><div class=\"envira-gallery-position-overlay  envira-gallery-bottom-left\"><\/div><div class=\"envira-gallery-position-overlay  envira-gallery-bottom-right\"><\/div><a href=\"http:\/\/photobizet.com\/wp-content\/uploads\/2014\/07\/45-2.jpg\" class=\"envira-gallery-416 envira-gallery-link\" rel=\"enviragallery416\" title=\"45-2\" data-envira-caption=\"45-2\" data-envira-retina=\"\" data-thumbnail=\"\"  itemprop=\"contentUrl\"><img decoding=\"async\" id=\"envira-gallery-image-30\" class=\"envira-gallery-image envira-gallery-image-2 envira-normal envira-lazy\" data-envira-index=\"2\" src=\"https:\/\/photobizet.com\/wp-content\/uploads\/2014\/07\/45-2-1024x614-640x480.jpg\" data-envira-src=\"https:\/\/photobizet.com\/wp-content\/uploads\/2014\/07\/45-2-1024x614-640x480.jpg\" data-envira-gallery-id=\"416\" data-envira-item-id=\"30\" data-envira-caption=\"45-2\" alt=\"\" title=\"45-2\"  itemprop=\"thumbnailUrl\" data-envira-srcset=\"https:\/\/photobizet.com\/wp-content\/uploads\/2014\/07\/45-2-1024x614-640x480.jpg 400w,https:\/\/photobizet.com\/wp-content\/uploads\/2014\/07\/45-2-1024x614-640x480.jpg 2x\" data-envira-width=\"300\" data-envira-height=\"180\" srcset=\"data:image\/gif;base64,R0lGODlhAQABAIAAAP\/\/\/\/\/\/\/yH5BAEKAAEALAAAAAABAAEAAAICTAEAOw==\" data-safe-src=\"data:image\/gif;base64,R0lGODlhAQABAIAAAP\/\/\/\/\/\/\/yH5BAEKAAEALAAAAAABAAEAAAICTAEAOw==\" \/><\/a><\/div><\/div><div id=\"envira-gallery-item-97\" class=\"envira-gallery-item enviratope-item envira-gallery-item-3 envira-lazy-load\" style=\"padding-left: 1px; padding-bottom: 1px; padding-right: 1px;\"  itemscope itemtype=\"https:\/\/schema.org\/ImageObject\"><div class=\"envira-gallery-item-inner\"><div class=\"envira-gallery-position-overlay  envira-gallery-top-left\"><\/div><div class=\"envira-gallery-position-overlay  envira-gallery-top-right\"><\/div><div class=\"envira-gallery-position-overlay  envira-gallery-bottom-left\"><\/div><div class=\"envira-gallery-position-overlay  envira-gallery-bottom-right\"><\/div><a href=\"http:\/\/photobizet.com\/wp-content\/uploads\/simple_photo_gallery\/3\/31.jpg\" class=\"envira-gallery-416 envira-gallery-link\" rel=\"enviragallery416\" title=\"31\" data-envira-caption=\"31\" data-envira-retina=\"\" data-thumbnail=\"\"  itemprop=\"contentUrl\"><img decoding=\"async\" id=\"envira-gallery-image-97\" class=\"envira-gallery-image envira-gallery-image-3 envira-normal envira-lazy\" data-envira-index=\"3\" src=\"https:\/\/photobizet.com\/wp-content\/uploads\/simple_photo_gallery\/3\/31-1024x684.jpg\" data-envira-src=\"https:\/\/photobizet.com\/wp-content\/uploads\/simple_photo_gallery\/3\/31-1024x684.jpg\" data-envira-gallery-id=\"416\" data-envira-item-id=\"97\" data-envira-caption=\"31\" alt=\"31-3\" title=\"31\"  itemprop=\"thumbnailUrl\" data-envira-srcset=\"https:\/\/photobizet.com\/wp-content\/uploads\/simple_photo_gallery\/3\/31-1024x684.jpg 400w,https:\/\/photobizet.com\/wp-content\/uploads\/simple_photo_gallery\/3\/31-1024x684.jpg 2x\" data-envira-width=\"300\" data-envira-height=\"200\" srcset=\"data:image\/gif;base64,R0lGODlhAQABAIAAAP\/\/\/\/\/\/\/yH5BAEKAAEALAAAAAABAAEAAAICTAEAOw==\" data-safe-src=\"data:image\/gif;base64,R0lGODlhAQABAIAAAP\/\/\/\/\/\/\/yH5BAEKAAEALAAAAAABAAEAAAICTAEAOw==\" \/><\/a><\/div><\/div><div id=\"envira-gallery-item-99\" class=\"envira-gallery-item enviratope-item envira-gallery-item-4 envira-lazy-load\" style=\"padding-left: 1px; padding-bottom: 1px; padding-right: 1px;\"  itemscope itemtype=\"https:\/\/schema.org\/ImageObject\"><div class=\"envira-gallery-item-inner\"><div class=\"envira-gallery-position-overlay  envira-gallery-top-left\"><\/div><div class=\"envira-gallery-position-overlay  envira-gallery-top-right\"><\/div><div class=\"envira-gallery-position-overlay  envira-gallery-bottom-left\"><\/div><div class=\"envira-gallery-position-overlay  envira-gallery-bottom-right\"><\/div><a href=\"http:\/\/photobizet.com\/wp-content\/uploads\/2019\/03\/45-2-1.jpg\" class=\"envira-gallery-416 envira-gallery-link\" rel=\"enviragallery416\" title=\"45-2\" data-envira-caption=\"45-2\" data-envira-retina=\"\" data-thumbnail=\"\"  itemprop=\"contentUrl\"><img decoding=\"async\" id=\"envira-gallery-image-99\" class=\"envira-gallery-image envira-gallery-image-4 envira-normal envira-lazy\" data-envira-index=\"4\" src=\"https:\/\/photobizet.com\/wp-content\/uploads\/2019\/03\/45-2-1-1024x614-640x480.jpg\" data-envira-src=\"https:\/\/photobizet.com\/wp-content\/uploads\/2019\/03\/45-2-1-1024x614-640x480.jpg\" data-envira-gallery-id=\"416\" data-envira-item-id=\"99\" data-envira-caption=\"45-2\" alt=\"\" title=\"45-2\"  itemprop=\"thumbnailUrl\" data-envira-srcset=\"https:\/\/photobizet.com\/wp-content\/uploads\/2019\/03\/45-2-1-1024x614-640x480.jpg 400w,https:\/\/photobizet.com\/wp-content\/uploads\/2019\/03\/45-2-1-1024x614-640x480.jpg 2x\" data-envira-width=\"300\" data-envira-height=\"180\" srcset=\"data:image\/gif;base64,R0lGODlhAQABAIAAAP\/\/\/\/\/\/\/yH5BAEKAAEALAAAAAABAAEAAAICTAEAOw==\" data-safe-src=\"data:image\/gif;base64,R0lGODlhAQABAIAAAP\/\/\/\/\/\/\/yH5BAEKAAEALAAAAAABAAEAAAICTAEAOw==\" \/><\/a><\/div><\/div><div id=\"envira-gallery-item-96\" class=\"envira-gallery-item enviratope-item envira-gallery-item-5 envira-lazy-load\" style=\"padding-left: 1px; padding-bottom: 1px; padding-right: 1px;\"  itemscope itemtype=\"https:\/\/schema.org\/ImageObject\"><div class=\"envira-gallery-item-inner\"><div class=\"envira-gallery-position-overlay  envira-gallery-top-left\"><\/div><div class=\"envira-gallery-position-overlay  envira-gallery-top-right\"><\/div><div class=\"envira-gallery-position-overlay  envira-gallery-bottom-left\"><\/div><div class=\"envira-gallery-position-overlay  envira-gallery-bottom-right\"><\/div><a href=\"http:\/\/photobizet.com\/wp-content\/uploads\/simple_photo_gallery\/3\/53.jpg\" class=\"envira-gallery-416 envira-gallery-link\" rel=\"enviragallery416\" title=\"53\" data-envira-caption=\"53\" data-envira-retina=\"\" data-thumbnail=\"\"  itemprop=\"contentUrl\"><img decoding=\"async\" id=\"envira-gallery-image-96\" class=\"envira-gallery-image envira-gallery-image-5 envira-normal envira-lazy\" data-envira-index=\"5\" src=\"https:\/\/photobizet.com\/wp-content\/uploads\/simple_photo_gallery\/3\/53-1024x684-640x480.jpg\" data-envira-src=\"https:\/\/photobizet.com\/wp-content\/uploads\/simple_photo_gallery\/3\/53-1024x684-640x480.jpg\" data-envira-gallery-id=\"416\" data-envira-item-id=\"96\" data-envira-caption=\"53\" alt=\"53\" title=\"53\"  itemprop=\"thumbnailUrl\" data-envira-srcset=\"https:\/\/photobizet.com\/wp-content\/uploads\/simple_photo_gallery\/3\/53-1024x684-640x480.jpg 400w,https:\/\/photobizet.com\/wp-content\/uploads\/simple_photo_gallery\/3\/53-1024x684-640x480.jpg 2x\" data-envira-width=\"300\" data-envira-height=\"200\" srcset=\"data:image\/gif;base64,R0lGODlhAQABAIAAAP\/\/\/\/\/\/\/yH5BAEKAAEALAAAAAABAAEAAAICTAEAOw==\" data-safe-src=\"data:image\/gif;base64,R0lGODlhAQABAIAAAP\/\/\/\/\/\/\/yH5BAEKAAEALAAAAAABAAEAAAICTAEAOw==\" \/><\/a><\/div><\/div><div id=\"envira-gallery-item-95\" class=\"envira-gallery-item enviratope-item envira-gallery-item-6 envira-lazy-load\" style=\"padding-left: 1px; padding-bottom: 1px; padding-right: 1px;\"  itemscope itemtype=\"https:\/\/schema.org\/ImageObject\"><div class=\"envira-gallery-item-inner\"><div class=\"envira-gallery-position-overlay  envira-gallery-top-left\"><\/div><div class=\"envira-gallery-position-overlay  envira-gallery-top-right\"><\/div><div class=\"envira-gallery-position-overlay  envira-gallery-bottom-left\"><\/div><div class=\"envira-gallery-position-overlay  envira-gallery-bottom-right\"><\/div><a href=\"http:\/\/photobizet.com\/wp-content\/uploads\/simple_photo_gallery\/3\/24-1.jpg\" class=\"envira-gallery-416 envira-gallery-link\" rel=\"enviragallery416\" title=\"24-1\" data-envira-caption=\"24-1\" data-envira-retina=\"\" data-thumbnail=\"\"  itemprop=\"contentUrl\"><img decoding=\"async\" id=\"envira-gallery-image-95\" class=\"envira-gallery-image envira-gallery-image-6 envira-normal envira-lazy\" data-envira-index=\"6\" src=\"https:\/\/photobizet.com\/wp-content\/uploads\/simple_photo_gallery\/3\/24-1-1024x685-640x480.jpg\" data-envira-src=\"https:\/\/photobizet.com\/wp-content\/uploads\/simple_photo_gallery\/3\/24-1-1024x685-640x480.jpg\" data-envira-gallery-id=\"416\" data-envira-item-id=\"95\" data-envira-caption=\"24-1\" alt=\"24-1\" title=\"24-1\"  itemprop=\"thumbnailUrl\" data-envira-srcset=\"https:\/\/photobizet.com\/wp-content\/uploads\/simple_photo_gallery\/3\/24-1-1024x685-640x480.jpg 400w,https:\/\/photobizet.com\/wp-content\/uploads\/simple_photo_gallery\/3\/24-1-1024x685-640x480.jpg 2x\" data-envira-width=\"300\" data-envira-height=\"201\" srcset=\"data:image\/gif;base64,R0lGODlhAQABAIAAAP\/\/\/\/\/\/\/yH5BAEKAAEALAAAAAABAAEAAAICTAEAOw==\" data-safe-src=\"data:image\/gif;base64,R0lGODlhAQABAIAAAP\/\/\/\/\/\/\/yH5BAEKAAEALAAAAAABAAEAAAICTAEAOw==\" \/><\/a><\/div><\/div><div id=\"envira-gallery-item-94\" class=\"envira-gallery-item enviratope-item envira-gallery-item-7 envira-lazy-load\" style=\"padding-left: 1px; padding-bottom: 1px; padding-right: 1px;\"  itemscope itemtype=\"https:\/\/schema.org\/ImageObject\"><div class=\"envira-gallery-item-inner\"><div class=\"envira-gallery-position-overlay  envira-gallery-top-left\"><\/div><div class=\"envira-gallery-position-overlay  envira-gallery-top-right\"><\/div><div class=\"envira-gallery-position-overlay  envira-gallery-bottom-left\"><\/div><div class=\"envira-gallery-position-overlay  envira-gallery-bottom-right\"><\/div><a href=\"http:\/\/photobizet.com\/wp-content\/uploads\/simple_photo_gallery\/3\/16-1.jpg\" class=\"envira-gallery-416 envira-gallery-link\" rel=\"enviragallery416\" title=\"16-1\" data-envira-caption=\"16-1\" data-envira-retina=\"\" data-thumbnail=\"\"  itemprop=\"contentUrl\"><img decoding=\"async\" id=\"envira-gallery-image-94\" class=\"envira-gallery-image envira-gallery-image-7 envira-normal envira-lazy\" data-envira-index=\"7\" src=\"https:\/\/photobizet.com\/wp-content\/uploads\/simple_photo_gallery\/3\/16-1-1024x685-640x480.jpg\" data-envira-src=\"https:\/\/photobizet.com\/wp-content\/uploads\/simple_photo_gallery\/3\/16-1-1024x685-640x480.jpg\" data-envira-gallery-id=\"416\" data-envira-item-id=\"94\" data-envira-caption=\"16-1\" alt=\"16-1\" title=\"16-1\"  itemprop=\"thumbnailUrl\" data-envira-srcset=\"https:\/\/photobizet.com\/wp-content\/uploads\/simple_photo_gallery\/3\/16-1-1024x685-640x480.jpg 400w,https:\/\/photobizet.com\/wp-content\/uploads\/simple_photo_gallery\/3\/16-1-1024x685-640x480.jpg 2x\" data-envira-width=\"300\" data-envira-height=\"201\" srcset=\"data:image\/gif;base64,R0lGODlhAQABAIAAAP\/\/\/\/\/\/\/yH5BAEKAAEALAAAAAABAAEAAAICTAEAOw==\" data-safe-src=\"data:image\/gif;base64,R0lGODlhAQABAIAAAP\/\/\/\/\/\/\/yH5BAEKAAEALAAAAAABAAEAAAICTAEAOw==\" \/><\/a><\/div><\/div><div id=\"envira-gallery-item-93\" class=\"envira-gallery-item enviratope-item envira-gallery-item-8 envira-lazy-load\" style=\"padding-left: 1px; padding-bottom: 1px; padding-right: 1px;\"  itemscope itemtype=\"https:\/\/schema.org\/ImageObject\"><div class=\"envira-gallery-item-inner\"><div class=\"envira-gallery-position-overlay  envira-gallery-top-left\"><\/div><div class=\"envira-gallery-position-overlay  envira-gallery-top-right\"><\/div><div class=\"envira-gallery-position-overlay  envira-gallery-bottom-left\"><\/div><div class=\"envira-gallery-position-overlay  envira-gallery-bottom-right\"><\/div><a href=\"http:\/\/photobizet.com\/wp-content\/uploads\/simple_photo_gallery\/3\/001-L\u00e9onie.jpg\" class=\"envira-gallery-416 envira-gallery-link\" rel=\"enviragallery416\" title=\"001 L&eacute;onie\" data-envira-caption=\"001 L&eacute;onie\" data-envira-retina=\"\" data-thumbnail=\"\"  itemprop=\"contentUrl\"><img decoding=\"async\" id=\"envira-gallery-image-93\" class=\"envira-gallery-image envira-gallery-image-8 envira-normal envira-lazy\" data-envira-index=\"8\" src=\"https:\/\/photobizet.com\/wp-content\/uploads\/simple_photo_gallery\/3\/001-L\u00e9onie-684x1024-640x480.jpg\" data-envira-src=\"https:\/\/photobizet.com\/wp-content\/uploads\/simple_photo_gallery\/3\/001-L\u00e9onie-684x1024-640x480.jpg\" data-envira-gallery-id=\"416\" data-envira-item-id=\"93\" data-envira-caption=\"001 L&eacute;onie\" alt=\"001-leonie\" title=\"001 L\u00e9onie\"  itemprop=\"thumbnailUrl\" data-envira-srcset=\"https:\/\/photobizet.com\/wp-content\/uploads\/simple_photo_gallery\/3\/001-L\u00e9onie-684x1024-640x480.jpg 400w,https:\/\/photobizet.com\/wp-content\/uploads\/simple_photo_gallery\/3\/001-L\u00e9onie-684x1024-640x480.jpg 2x\" data-envira-width=\"200\" data-envira-height=\"300\" srcset=\"data:image\/gif;base64,R0lGODlhAQABAIAAAP\/\/\/\/\/\/\/yH5BAEKAAEALAAAAAABAAEAAAICTAEAOw==\" data-safe-src=\"data:image\/gif;base64,R0lGODlhAQABAIAAAP\/\/\/\/\/\/\/yH5BAEKAAEALAAAAAABAAEAAAICTAEAOw==\" \/><\/a><\/div><\/div><div id=\"envira-gallery-item-87\" class=\"envira-gallery-item enviratope-item envira-gallery-item-9 envira-lazy-load\" style=\"padding-left: 1px; padding-bottom: 1px; padding-right: 1px;\"  itemscope itemtype=\"https:\/\/schema.org\/ImageObject\"><div class=\"envira-gallery-item-inner\"><div class=\"envira-gallery-position-overlay  envira-gallery-top-left\"><\/div><div class=\"envira-gallery-position-overlay  envira-gallery-top-right\"><\/div><div class=\"envira-gallery-position-overlay  envira-gallery-bottom-left\"><\/div><div class=\"envira-gallery-position-overlay  envira-gallery-bottom-right\"><\/div><a href=\"http:\/\/photobizet.com\/wp-content\/uploads\/simple_photo_gallery\/3\/67-1.jpg\" class=\"envira-gallery-416 envira-gallery-link\" rel=\"enviragallery416\" title=\"67-1\" data-envira-caption=\"67-1\" data-envira-retina=\"\" data-thumbnail=\"\"  itemprop=\"contentUrl\"><img decoding=\"async\" id=\"envira-gallery-image-87\" class=\"envira-gallery-image envira-gallery-image-9 envira-normal envira-lazy\" data-envira-index=\"9\" src=\"https:\/\/photobizet.com\/wp-content\/uploads\/simple_photo_gallery\/3\/67-1-1024x683-640x480.jpg\" data-envira-src=\"https:\/\/photobizet.com\/wp-content\/uploads\/simple_photo_gallery\/3\/67-1-1024x683-640x480.jpg\" data-envira-gallery-id=\"416\" data-envira-item-id=\"87\" data-envira-caption=\"67-1\" alt=\"67-1\" title=\"67-1\"  itemprop=\"thumbnailUrl\" data-envira-srcset=\"https:\/\/photobizet.com\/wp-content\/uploads\/simple_photo_gallery\/3\/67-1-1024x683-640x480.jpg 400w,https:\/\/photobizet.com\/wp-content\/uploads\/simple_photo_gallery\/3\/67-1-1024x683-640x480.jpg 2x\" data-envira-width=\"300\" data-envira-height=\"200\" srcset=\"data:image\/gif;base64,R0lGODlhAQABAIAAAP\/\/\/\/\/\/\/yH5BAEKAAEALAAAAAABAAEAAAICTAEAOw==\" data-safe-src=\"data:image\/gif;base64,R0lGODlhAQABAIAAAP\/\/\/\/\/\/\/yH5BAEKAAEALAAAAAABAAEAAAICTAEAOw==\" \/><\/a><\/div><\/div><div id=\"envira-gallery-item-86\" class=\"envira-gallery-item enviratope-item envira-gallery-item-10 envira-lazy-load\" style=\"padding-left: 1px; padding-bottom: 1px; padding-right: 1px;\"  itemscope itemtype=\"https:\/\/schema.org\/ImageObject\"><div class=\"envira-gallery-item-inner\"><div class=\"envira-gallery-position-overlay  envira-gallery-top-left\"><\/div><div class=\"envira-gallery-position-overlay  envira-gallery-top-right\"><\/div><div class=\"envira-gallery-position-overlay  envira-gallery-bottom-left\"><\/div><div class=\"envira-gallery-position-overlay  envira-gallery-bottom-right\"><\/div><a href=\"http:\/\/photobizet.com\/wp-content\/uploads\/simple_photo_gallery\/3\/66-1.jpg\" class=\"envira-gallery-416 envira-gallery-link\" rel=\"enviragallery416\" title=\"66-1\" data-envira-caption=\"66-1\" data-envira-retina=\"\" data-thumbnail=\"\"  itemprop=\"contentUrl\"><img decoding=\"async\" id=\"envira-gallery-image-86\" class=\"envira-gallery-image envira-gallery-image-10 envira-normal envira-lazy\" data-envira-index=\"10\" src=\"https:\/\/photobizet.com\/wp-content\/uploads\/simple_photo_gallery\/3\/66-1-1024x683-640x480.jpg\" data-envira-src=\"https:\/\/photobizet.com\/wp-content\/uploads\/simple_photo_gallery\/3\/66-1-1024x683-640x480.jpg\" data-envira-gallery-id=\"416\" data-envira-item-id=\"86\" data-envira-caption=\"66-1\" alt=\"66-1\" title=\"66-1\"  itemprop=\"thumbnailUrl\" data-envira-srcset=\"https:\/\/photobizet.com\/wp-content\/uploads\/simple_photo_gallery\/3\/66-1-1024x683-640x480.jpg 400w,https:\/\/photobizet.com\/wp-content\/uploads\/simple_photo_gallery\/3\/66-1-1024x683-640x480.jpg 2x\" data-envira-width=\"300\" data-envira-height=\"200\" srcset=\"data:image\/gif;base64,R0lGODlhAQABAIAAAP\/\/\/\/\/\/\/yH5BAEKAAEALAAAAAABAAEAAAICTAEAOw==\" data-safe-src=\"data:image\/gif;base64,R0lGODlhAQABAIAAAP\/\/\/\/\/\/\/yH5BAEKAAEALAAAAAABAAEAAAICTAEAOw==\" \/><\/a><\/div><\/div><div id=\"envira-gallery-item-85\" class=\"envira-gallery-item enviratope-item envira-gallery-item-11 envira-lazy-load\" style=\"padding-left: 1px; padding-bottom: 1px; padding-right: 1px;\"  itemscope itemtype=\"https:\/\/schema.org\/ImageObject\"><div class=\"envira-gallery-item-inner\"><div class=\"envira-gallery-position-overlay  envira-gallery-top-left\"><\/div><div class=\"envira-gallery-position-overlay  envira-gallery-top-right\"><\/div><div class=\"envira-gallery-position-overlay  envira-gallery-bottom-left\"><\/div><div class=\"envira-gallery-position-overlay  envira-gallery-bottom-right\"><\/div><a href=\"http:\/\/photobizet.com\/wp-content\/uploads\/simple_photo_gallery\/3\/65-1.jpg\" class=\"envira-gallery-416 envira-gallery-link\" rel=\"enviragallery416\" title=\"65-1\" data-envira-caption=\"65-1\" data-envira-retina=\"\" data-thumbnail=\"\"  itemprop=\"contentUrl\"><img decoding=\"async\" id=\"envira-gallery-image-85\" class=\"envira-gallery-image envira-gallery-image-11 envira-normal envira-lazy\" data-envira-index=\"11\" src=\"https:\/\/photobizet.com\/wp-content\/uploads\/simple_photo_gallery\/3\/65-1-1024x683-640x480.jpg\" data-envira-src=\"https:\/\/photobizet.com\/wp-content\/uploads\/simple_photo_gallery\/3\/65-1-1024x683-640x480.jpg\" data-envira-gallery-id=\"416\" data-envira-item-id=\"85\" data-envira-caption=\"65-1\" alt=\"65-1\" title=\"65-1\"  itemprop=\"thumbnailUrl\" data-envira-srcset=\"https:\/\/photobizet.com\/wp-content\/uploads\/simple_photo_gallery\/3\/65-1-1024x683-640x480.jpg 400w,https:\/\/photobizet.com\/wp-content\/uploads\/simple_photo_gallery\/3\/65-1-1024x683-640x480.jpg 2x\" data-envira-width=\"300\" data-envira-height=\"200\" srcset=\"data:image\/gif;base64,R0lGODlhAQABAIAAAP\/\/\/\/\/\/\/yH5BAEKAAEALAAAAAABAAEAAAICTAEAOw==\" data-safe-src=\"data:image\/gif;base64,R0lGODlhAQABAIAAAP\/\/\/\/\/\/\/yH5BAEKAAEALAAAAAABAAEAAAICTAEAOw==\" \/><\/a><\/div><\/div><\/div><\/div><noscript><img decoding=\"async\" src=\"https:\/\/photobizet.com\/wp-content\/uploads\/2014\/07\/008-L\u00e9onie.jpg\" alt=\"\" \/><img decoding=\"async\" src=\"https:\/\/photobizet.com\/wp-content\/uploads\/2014\/07\/45-2.jpg\" alt=\"\" \/><img decoding=\"async\" src=\"https:\/\/photobizet.com\/wp-content\/uploads\/simple_photo_gallery\/3\/31.jpg\" alt=\"31-3\" \/><img decoding=\"async\" src=\"https:\/\/photobizet.com\/wp-content\/uploads\/2019\/03\/45-2-1.jpg\" alt=\"\" \/><img decoding=\"async\" src=\"https:\/\/photobizet.com\/wp-content\/uploads\/simple_photo_gallery\/3\/53.jpg\" alt=\"53\" \/><img decoding=\"async\" src=\"https:\/\/photobizet.com\/wp-content\/uploads\/simple_photo_gallery\/3\/24-1.jpg\" alt=\"24-1\" \/><img decoding=\"async\" src=\"https:\/\/photobizet.com\/wp-content\/uploads\/simple_photo_gallery\/3\/16-1.jpg\" alt=\"16-1\" \/><img decoding=\"async\" src=\"https:\/\/photobizet.com\/wp-content\/uploads\/simple_photo_gallery\/3\/001-L\u00e9onie.jpg\" alt=\"001-leonie\" \/><img decoding=\"async\" src=\"https:\/\/photobizet.com\/wp-content\/uploads\/simple_photo_gallery\/3\/67-1.jpg\" alt=\"67-1\" \/><img decoding=\"async\" src=\"https:\/\/photobizet.com\/wp-content\/uploads\/simple_photo_gallery\/3\/66-1.jpg\" alt=\"66-1\" \/><img decoding=\"async\" src=\"https:\/\/photobizet.com\/wp-content\/uploads\/simple_photo_gallery\/3\/65-1.jpg\" alt=\"65-1\" \/><\/noscript><\/div>\n","protected":false},"excerpt":{"rendered":"<p>[wppg_photo_album id=\u00a0\u00bb2&Prime;]<\/p>\n","protected":false},"author":1,"featured_media":0,"parent":57,"menu_order":0,"comment_status":"closed","ping_status":"closed","template":"","meta":{"footnotes":""},"class_list":["post-100","page","type-page","status-publish","hentry","no-thumb"],"_links":{"self":[{"href":"https:\/\/photobizet.com\/index.php\/wp-json\/wp\/v2\/pages\/100","targetHints":{"allow":["GET"]}}],"collection":[{"href":"https:\/\/photobizet.com\/index.php\/wp-json\/wp\/v2\/pages"}],"about":[{"href":"https:\/\/photobizet.com\/index.php\/wp-json\/wp\/v2\/types\/page"}],"author":[{"embeddable":true,"href":"https:\/\/photobizet.com\/index.php\/wp-json\/wp\/v2\/users\/1"}],"replies":[{"embeddable":true,"href":"https:\/\/photobizet.com\/index.php\/wp-json\/wp\/v2\/comments?post=100"}],"version-history":[{"count":2,"href":"https:\/\/photobizet.com\/index.php\/wp-json\/wp\/v2\/pages\/100\/revisions"}],"predecessor-version":[{"id":418,"href":"https:\/\/photobizet.com\/index.php\/wp-json\/wp\/v2\/pages\/100\/revisions\/418"}],"up":[{"embeddable":true,"href":"https:\/\/photobizet.com\/index.php\/wp-json\/wp\/v2\/pages\/57"}],"wp:attachment":[{"href":"https:\/\/photobizet.com\/index.php\/wp-json\/wp\/v2\/media?parent=100"}],"curies":[{"name":"wp","href":"https:\/\/api.w.org\/{rel}","templated":true}]}}